{"id":3693,"date":"2018-12-18T14:37:04","date_gmt":"2018-12-18T13:37:04","guid":{"rendered":"http:\/\/csepelfc.hu\/?page_id=3693"},"modified":"2022-05-10T18:01:25","modified_gmt":"2022-05-10T17:01:25","slug":"csepel-fc-se-tao","status":"publish","type":"page","link":"http:\/\/csepelfc.hu\/index.php\/csepel-fc-se-tao\/","title":{"rendered":"Csepel FC SE TAO"},"content":{"rendered":"<p><strong>Csepel FC SE<\/strong><\/p>\n<p>TAO Sportfejleszt\u00e9si program \u00e9s j\u00f3v\u00e1hagy\u00f3 hat\u00e1rozat<\/p>\n<p>2021<\/p>\n<p><a href=\"http:\/\/csepelfc.hu\/wp-content\/uploads\/2022\/05\/sfp_kerelem_51061_20211203_1638523222.pdf\" target=\"_blank\" rel=\"noopener\">Gyepregener\u00e1ci\u00f3 k\u00e9relem<\/a><\/p>\n<p><a href=\"http:\/\/csepelfc.hu\/wp-content\/uploads\/2022\/05\/sfp_jh_000_51061_2021_mlsz_2022-05-03_1651582146_1651666022.pdf\" target=\"_blank\" rel=\"noopener\">Gyepregener\u00e1ci\u00f3 hat\u00e1rozat<\/a><\/p>\n<p><a href=\"http:\/\/csepelfc.hu\/wp-content\/uploads\/2021\/06\/sfp_kerelem_45180_20210511_1620735018.pdf\" target=\"_blank\" rel=\"noopener\">K\u00e9relem<\/a><\/p>\n<p><a href=\"http:\/\/csepelfc.hu\/wp-content\/uploads\/2021\/06\/sfp_jh_000_45180_2021_mlsz_2021-05-11_1620735095_1620821245.pdf\" target=\"_blank\" rel=\"noopener\">Hat\u00e1rozat<\/a><\/p>\n<p>2020<\/p>\n<p><a href=\"http:\/\/csepelfc.hu\/wp-content\/uploads\/2020\/09\/sfp_kerelem_37180_20200506_1588766595-1.pdf\" target=\"_blank\" rel=\"noopener noreferrer\">K\u00e9relem<\/a><\/p>\n<p><a href=\"http:\/\/csepelfc.hu\/wp-content\/uploads\/2020\/09\/sfp_jh_000_37180_2020_mlsz_2020-05-06_1588765944_1588857821.pdf\" target=\"_blank\" rel=\"noopener noreferrer\">Hat\u00e1rozat<\/a><\/p>\n<p>2019<\/p>\n<p><a href=\"http:\/\/csepelfc.hu\/wp-content\/uploads\/2019\/12\/CsepelFCSE_19_20_SFP_kivonat.pdf\" target=\"_blank\" rel=\"noopener noreferrer\">K\u00e9relem<\/a><\/p>\n<p><a href=\"http:\/\/csepelfc.hu\/wp-content\/uploads\/2019\/12\/Csepel_FCSE_19_20_sfpjovahagyohatarozat.pdf\" target=\"_blank\" rel=\"noopener noreferrer\">Hat\u00e1rozat<\/a><\/p>\n<p><a href=\"http:\/\/csepelfc.hu\/wp-content\/uploads\/2019\/12\/2019_06_24_sfpmodositasjovahagyohatarozat_Csepel-FC-23180_2018_MLSZ.pdf\" target=\"_blank\" rel=\"noopener noreferrer\">M\u00f3dos\u00edt\u00f3 hat\u00e1rozat<\/a><\/p>\n<p><a href=\"http:\/\/csepelfc.hu\/wp-content\/uploads\/2019\/12\/2019_08_09_hosszabbitastjovahagyohatarozat_23180_2018_MLSZ.pdf\" target=\"_blank\" rel=\"noopener noreferrer\">Hosszabb\u00edt\u00f3 hat\u00e1rozat<\/a><\/p>\n<p><a href=\"http:\/\/csepelfc.hu\/wp-content\/uploads\/2019\/12\/2018_08_31_sfpjovahagyohatarozat-Csepel-FC-23180_2018_MLSZ.pdf\" target=\"_blank\" rel=\"noopener noreferrer\">J\u00f3v\u00e1hagy\u00f3 hat\u00e1rozat<\/a><\/p>\n<p>2018<\/p>\n<p><a href=\"http:\/\/csepelfc.hu\/wp-content\/uploads\/2018\/11\/sfp-k\u00e9relem-2018-19.pdf\" target=\"_blank\" rel=\"noopener noreferrer\">K\u00e9relem<\/a><\/p>\n<p><a href=\"http:\/\/csepelfc.hu\/wp-content\/uploads\/2018\/11\/sfp-jovahagyo-hatarozat.pdf\" target=\"_blank\" rel=\"noopener noreferrer\">Hat\u00e1rozat<\/a><\/p>\n<p>2017<\/p>\n<p><a href=\"http:\/\/csepelfc.hu\/wp-content\/uploads\/2018\/11\/hosszabbitast-jovahagyo-hatarozat-2017-18.pdf\" target=\"_blank\" rel=\"noopener noreferrer\">Hosszabb\u00edt\u00e1st j\u00f3v\u00e1hagy\u00f3 hat\u00e1rozat<\/a><\/p>\n<p><a href=\"http:\/\/M\u00f3dos\u00edt\u00e1st j\u00f3v\u00e1hagy\u00f3 hat\u00e1rozat\" target=\"_blank\" rel=\"noopener noreferrer\">M\u00f3dos\u00edt\u00e1st j\u00f3v\u00e1hagy\u00f3 hat\u00e1rozat<\/a><\/p>\n<p><a href=\"http:\/\/csepelfc.hu\/wp-content\/uploads\/2017\/12\/sfpkerelem2017.pdf\">K\u00e9relem <\/a><\/p>\n<p><a href=\"http:\/\/csepelfc.hu\/wp-content\/uploads\/2017\/12\/sfp2017.pdf\">Hat\u00e1rozat<\/a><\/p>\n<p>2016<\/p>\n<p><u><a href=\"http:\/\/csepelfc.gportal.hu\/portal\/csepelfc\/upload\/606275_1389903098_01532.pdf\" target=\"_blank\" rel=\"noopener noreferrer\">Csepel FC SE &#8211; k\u00e9relem<\/a><\/u><\/p>\n<p><u><a href=\"http:\/\/csepelfc.gportal.hu\/portal\/csepelfc\/upload\/606275_1389903099_07184.pdf\" target=\"_blank\" rel=\"noopener noreferrer\">Csepel FC SE &#8211; hat\u00e1rozat<\/a><\/u><\/p>\n","protected":false},"excerpt":{"rendered":"<div class=\"mh-excerpt\"><p>Csepel FC SE TAO Sportfejleszt\u00e9si program \u00e9s j\u00f3v\u00e1hagy\u00f3 hat\u00e1rozat 2021 Gyepregener\u00e1ci\u00f3 k\u00e9relem Gyepregener\u00e1ci\u00f3 hat\u00e1rozat K\u00e9relem Hat\u00e1rozat 2020 K\u00e9relem Hat\u00e1rozat 2019 K\u00e9relem Hat\u00e1rozat M\u00f3dos\u00edt\u00f3 hat\u00e1rozat Hosszabb\u00edt\u00f3 hat\u00e1rozat J\u00f3v\u00e1hagy\u00f3 hat\u00e1rozat 2018 K\u00e9relem <a class=\"mh-excerpt-more\" href=\"http:\/\/csepelfc.hu\/index.php\/csepel-fc-se-tao\/\" title=\"Csepel FC SE TAO\">[tov\u00e1bb&#8230;]<\/a><\/p>\n<\/div>","protected":false},"author":1,"featured_media":0,"parent":0,"menu_order":0,"comment_status":"closed","ping_status":"closed","template":"","meta":[],"jetpack_sharing_enabled":true,"jetpack_shortlink":"https:\/\/wp.me\/P83FEU-Xz","_links":{"self":[{"href":"http:\/\/csepelfc.hu\/index.php\/wp-json\/wp\/v2\/pages\/3693"}],"collection":[{"href":"http:\/\/csepelfc.hu\/index.php\/wp-json\/wp\/v2\/pages"}],"about":[{"href":"http:\/\/csepelfc.hu\/index.php\/wp-json\/wp\/v2\/types\/page"}],"author":[{"embeddable":true,"href":"http:\/\/csepelfc.hu\/index.php\/wp-json\/wp\/v2\/users\/1"}],"replies":[{"embeddable":true,"href":"http:\/\/csepelfc.hu\/index.php\/wp-json\/wp\/v2\/comments?post=3693"}],"version-history":[{"count":6,"href":"http:\/\/csepelfc.hu\/index.php\/wp-json\/wp\/v2\/pages\/3693\/revisions"}],"predecessor-version":[{"id":7423,"href":"http:\/\/csepelfc.hu\/index.php\/wp-json\/wp\/v2\/pages\/3693\/revisions\/7423"}],"wp:attachment":[{"href":"http:\/\/csepelfc.hu\/index.php\/wp-json\/wp\/v2\/media?parent=3693"}],"curies":[{"name":"wp","href":"https:\/\/api.w.org\/{rel}","templated":true}]}}

<p><strong>Csepel FC SE</strong></p>
<p>TAO Sportfejlesztési program és jóváhagyó határozat</p>
<p>2021</p>
<p><a href="http://csepelfc.hu/wp-content/uploads/2022/05/sfp_kerelem_51061_20211203_1638523222.pdf" target="_blank" rel="noopener">Gyepregeneráció kérelem</a></p>
<p><a href="http://csepelfc.hu/wp-content/uploads/2022/05/sfp_jh_000_51061_2021_mlsz_2022-05-03_1651582146_1651666022.pdf" target="_blank" rel="noopener">Gyepregeneráció határozat</a></p>
<p><a href="http://csepelfc.hu/wp-content/uploads/2021/06/sfp_kerelem_45180_20210511_1620735018.pdf" target="_blank" rel="noopener">Kérelem</a></p>
<p><a href="http://csepelfc.hu/wp-content/uploads/2021/06/sfp_jh_000_45180_2021_mlsz_2021-05-11_1620735095_1620821245.pdf" target="_blank" rel="noopener">Határozat</a></p>
<p>2020</p>
<p><a href="http://csepelfc.hu/wp-content/uploads/2020/09/sfp_kerelem_37180_20200506_1588766595-1.pdf" target="_blank" rel="noopener noreferrer">Kérelem</a></p>
<p><a href="http://csepelfc.hu/wp-content/uploads/2020/09/sfp_jh_000_37180_2020_mlsz_2020-05-06_1588765944_1588857821.pdf" target="_blank" rel="noopener noreferrer">Határozat</a></p>
<p>2019</p>
<p><a href="http://csepelfc.hu/wp-content/uploads/2019/12/CsepelFCSE_19_20_SFP_kivonat.pdf" target="_blank" rel="noopener noreferrer">Kérelem</a></p>
<p><a href="http://csepelfc.hu/wp-content/uploads/2019/12/Csepel_FCSE_19_20_sfpjovahagyohatarozat.pdf" target="_blank" rel="noopener noreferrer">Határozat</a></p>
<p><a href="http://csepelfc.hu/wp-content/uploads/2019/12/2019_06_24_sfpmodositasjovahagyohatarozat_Csepel-FC-23180_2018_MLSZ.pdf" target="_blank" rel="noopener noreferrer">Módosító határozat</a></p>
<p><a href="http://csepelfc.hu/wp-content/uploads/2019/12/2019_08_09_hosszabbitastjovahagyohatarozat_23180_2018_MLSZ.pdf" target="_blank" rel="noopener noreferrer">Hosszabbító határozat</a></p>
<p><a href="http://csepelfc.hu/wp-content/uploads/2019/12/2018_08_31_sfpjovahagyohatarozat-Csepel-FC-23180_2018_MLSZ.pdf" target="_blank" rel="noopener noreferrer">Jóváhagyó határozat</a></p>
<p>2018</p>
<p><a href="http://csepelfc.hu/wp-content/uploads/2018/11/sfp-kérelem-2018-19.pdf" target="_blank" rel="noopener noreferrer">Kérelem</a></p>
<p><a href="http://csepelfc.hu/wp-content/uploads/2018/11/sfp-jovahagyo-hatarozat.pdf" target="_blank" rel="noopener noreferrer">Határozat</a></p>
<p>2017</p>
<p><a href="http://csepelfc.hu/wp-content/uploads/2018/11/hosszabbitast-jovahagyo-hatarozat-2017-18.pdf" target="_blank" rel="noopener noreferrer">Hosszabbítást jóváhagyó határozat</a></p>
<p><a href="http://Módosítást jóváhagyó határozat" target="_blank" rel="noopener noreferrer">Módosítást jóváhagyó határozat</a></p>
<p><a href="http://csepelfc.hu/wp-content/uploads/2017/12/sfpkerelem2017.pdf">Kérelem </a></p>
<p><a href="http://csepelfc.hu/wp-content/uploads/2017/12/sfp2017.pdf">Határozat</a></p>
<p>2016</p>
<p><u><a href="http://csepelfc.gportal.hu/portal/csepelfc/upload/606275_1389903098_01532.pdf" target="_blank" rel="noopener noreferrer">Csepel FC SE &#8211; kérelem</a></u></p>
<p><u><a href="http://csepelfc.gportal.hu/portal/csepelfc/upload/606275_1389903099_07184.pdf" target="_blank" rel="noopener noreferrer">Csepel FC SE &#8211; határozat</a></u></p>

<div class="mh-excerpt"><p>Csepel FC SE TAO Sportfejlesztési program és jóváhagyó határozat 2021 Gyepregeneráció kérelem Gyepregeneráció határozat Kérelem Határozat 2020 Kérelem Határozat 2019 Kérelem Határozat Módosító határozat Hosszabbító határozat Jóváhagyó határozat 2018 Kérelem <a class="mh-excerpt-more" href="http://csepelfc.hu/index.php/csepel-fc-se-tao/" title="Csepel FC SE TAO">[tovább&#8230;]</a></p>
</div>
