{"id":237,"date":"2016-10-30T21:56:03","date_gmt":"2016-10-30T20:56:03","guid":{"rendered":"http:\/\/csepelfc.hu\/wp\/?page_id=237"},"modified":"2016-11-02T19:45:24","modified_gmt":"2016-11-02T18:45:24","slug":"videok","status":"publish","type":"page","link":"http:\/\/csepelfc.hu\/index.php\/videok\/","title":{"rendered":"Vide\u00f3k"},"content":{"rendered":"<p style=\"text-align: center;\">Csepel &#8211; Ferencv\u00e1ros 1-1 (1959. bajnokavat\u00f3)<\/p>\n<p style=\"text-align: center;\"><object width=\"480\" height=\"385\"><param name=\"movie\" value=\"http:\/\/www.youtube.com\/v\/OoPcJuL83M4&amp;hl=en_US&amp;fs=1&amp;rel=0&amp;color1=0x5d1719&amp;color2=0xcd311b\" \/><param name=\"allowFullScreen\" value=\"true\" \/><param name=\"allowscriptaccess\" value=\"always\" \/><\/object><\/p>\n<p style=\"text-align: center;\">Fenerbah\u00e7e SK &#8211; Csepel SC (BEK, 1959. 09. 13.)<\/p>\n<p style=\"text-align: center;\"><object width=\"480\" height=\"385\"><param name=\"movie\" value=\"http:\/\/www.youtube.com\/v\/dnt98S6-XmU?fs=1&amp;hl=hu_HU\" \/><param name=\"allowFullScreen\" value=\"true\" \/><param name=\"allowscriptaccess\" value=\"always\" \/><\/object><\/p>\n<p style=\"text-align: center;\">Ferencv\u00e1ros &#8211; Csepel 0-1 (1992-93)<\/p>\n<p style=\"text-align: center;\"><iframe loading=\"lazy\" src=\"http:\/\/www.youtube.com\/embed\/dqM_oyUz1VQ\" width=\"480\" height=\"360\" frameborder=\"0\" allowfullscreen=\"allowfullscreen\"><\/iframe><\/p>\n<p style=\"text-align: center;\">A Csepel &#8211; Gyula meccs ut\u00e1ni \u00fcnnepl\u00e9s 1999-ben<\/p>\n<p style=\"text-align: center;\"><object width=\"560\" height=\"340\"><param name=\"movie\" value=\"http:\/\/www.youtube.com\/v\/cHPfzSMr9_M&amp;hl=en_US&amp;fs=1&amp;rel=0&amp;color1=0x5d1719&amp;color2=0xcd311b\" \/><param name=\"allowFullScreen\" value=\"true\" \/><param name=\"allowscriptaccess\" value=\"always\" \/><\/object><\/p>\n<p style=\"text-align: center;\">Interj\u00fa T\u00f3th II J\u00f3zseffel, az Aranycsapat tagj\u00e1val<\/p>\n<p style=\"text-align: center;\"><iframe loading=\"lazy\" src=\"https:\/\/www.youtube.com\/embed\/kzN-i5515jI\" width=\"480\" height=\"360\" frameborder=\"0\" allowfullscreen=\"allowfullscreen\"><\/iframe><\/p>\n<p style=\"text-align: center;\">Interj\u00fa Szekeres Andr\u00e1ssal<\/p>\n<p style=\"text-align: center;\"><iframe loading=\"lazy\" src=\"https:\/\/www.youtube.com\/embed\/0RtSucqusuc\" width=\"480\" height=\"315\" frameborder=\"0\" allowfullscreen=\"allowfullscreen\"><\/iframe><\/p>\n<p style=\"text-align: center;\">Csepeli tornagy\u0151zelem Palesztin\u00e1ban (2011)<\/p>\n<p style=\"text-align: center;\"><iframe loading=\"lazy\" src=\"http:\/\/www.youtube.com\/embed\/ocqbksZ7xqU\" width=\"480\" height=\"360\" frameborder=\"0\" allowfullscreen=\"allowfullscreen\"><\/iframe><\/p>\n","protected":false},"excerpt":{"rendered":"<div class=\"mh-excerpt\"><p>Csepel &#8211; Ferencv\u00e1ros 1-1 (1959. bajnokavat\u00f3) Fenerbah\u00e7e SK &#8211; Csepel SC (BEK, 1959. 09. 13.) Ferencv\u00e1ros &#8211; Csepel 0-1 (1992-93) A Csepel &#8211; Gyula meccs ut\u00e1ni \u00fcnnepl\u00e9s 1999-ben Interj\u00fa T\u00f3th <a class=\"mh-excerpt-more\" href=\"http:\/\/csepelfc.hu\/index.php\/videok\/\" title=\"Vide\u00f3k\">[tov\u00e1bb&#8230;]<\/a><\/p>\n<\/div>","protected":false},"author":1,"featured_media":0,"parent":0,"menu_order":0,"comment_status":"closed","ping_status":"closed","template":"","meta":[],"jetpack_sharing_enabled":true,"jetpack_shortlink":"https:\/\/wp.me\/P83FEU-3P","_links":{"self":[{"href":"http:\/\/csepelfc.hu\/index.php\/wp-json\/wp\/v2\/pages\/237"}],"collection":[{"href":"http:\/\/csepelfc.hu\/index.php\/wp-json\/wp\/v2\/pages"}],"about":[{"href":"http:\/\/csepelfc.hu\/index.php\/wp-json\/wp\/v2\/types\/page"}],"author":[{"embeddable":true,"href":"http:\/\/csepelfc.hu\/index.php\/wp-json\/wp\/v2\/users\/1"}],"replies":[{"embeddable":true,"href":"http:\/\/csepelfc.hu\/index.php\/wp-json\/wp\/v2\/comments?post=237"}],"version-history":[{"count":5,"href":"http:\/\/csepelfc.hu\/index.php\/wp-json\/wp\/v2\/pages\/237\/revisions"}],"predecessor-version":[{"id":315,"href":"http:\/\/csepelfc.hu\/index.php\/wp-json\/wp\/v2\/pages\/237\/revisions\/315"}],"wp:attachment":[{"href":"http:\/\/csepelfc.hu\/index.php\/wp-json\/wp\/v2\/media?parent=237"}],"curies":[{"name":"wp","href":"https:\/\/api.w.org\/{rel}","templated":true}]}}

Videók

<p style="text-align: center;">Csepel &#8211; Ferencváros 1-1 (1959. bajnokavató)</p>
<p style="text-align: center;"><object width="480" height="385"><param name="movie" value="http://www.youtube.com/v/OoPcJuL83M4&amp;hl=en_US&amp;fs=1&amp;rel=0&amp;color1=0x5d1719&amp;color2=0xcd311b" /><param name="allowFullScreen" value="true" /><param name="allowscriptaccess" value="always" /></object></p>
<p style="text-align: center;">Fenerbahçe SK &#8211; Csepel SC (BEK, 1959. 09. 13.)</p>
<p style="text-align: center;"><object width="480" height="385"><param name="movie" value="http://www.youtube.com/v/dnt98S6-XmU?fs=1&amp;hl=hu_HU" /><param name="allowFullScreen" value="true" /><param name="allowscriptaccess" value="always" /></object></p>
<p style="text-align: center;">Ferencváros &#8211; Csepel 0-1 (1992-93)</p>
<p style="text-align: center;"><iframe loading="lazy" src="http://www.youtube.com/embed/dqM_oyUz1VQ" width="480" height="360" frameborder="0" allowfullscreen="allowfullscreen"></iframe></p>
<p style="text-align: center;">A Csepel &#8211; Gyula meccs utáni ünneplés 1999-ben</p>
<p style="text-align: center;"><object width="560" height="340"><param name="movie" value="http://www.youtube.com/v/cHPfzSMr9_M&amp;hl=en_US&amp;fs=1&amp;rel=0&amp;color1=0x5d1719&amp;color2=0xcd311b" /><param name="allowFullScreen" value="true" /><param name="allowscriptaccess" value="always" /></object></p>
<p style="text-align: center;">Interjú Tóth II Józseffel, az Aranycsapat tagjával</p>
<p style="text-align: center;"><iframe loading="lazy" src="https://www.youtube.com/embed/kzN-i5515jI" width="480" height="360" frameborder="0" allowfullscreen="allowfullscreen"></iframe></p>
<p style="text-align: center;">Interjú Szekeres Andrással</p>
<p style="text-align: center;"><iframe loading="lazy" src="https://www.youtube.com/embed/0RtSucqusuc" width="480" height="315" frameborder="0" allowfullscreen="allowfullscreen"></iframe></p>
<p style="text-align: center;">Csepeli tornagyőzelem Palesztinában (2011)</p>
<p style="text-align: center;"><iframe loading="lazy" src="http://www.youtube.com/embed/ocqbksZ7xqU" width="480" height="360" frameborder="0" allowfullscreen="allowfullscreen"></iframe></p>

<div class="mh-excerpt"><p>Csepel &#8211; Ferencváros 1-1 (1959. bajnokavató) Fenerbahçe SK &#8211; Csepel SC (BEK, 1959. 09. 13.) Ferencváros &#8211; Csepel 0-1 (1992-93) A Csepel &#8211; Gyula meccs utáni ünneplés 1999-ben Interjú Tóth <a class="mh-excerpt-more" href="http://csepelfc.hu/index.php/videok/" title="Videók">[tovább&#8230;]</a></p>
</div>
