{"id":226,"date":"2016-10-30T21:43:16","date_gmt":"2016-10-30T20:43:16","guid":{"rendered":"http:\/\/csepelfc.hu\/wp\/?page_id=226"},"modified":"2016-10-30T21:43:16","modified_gmt":"2016-10-30T20:43:16","slug":"etikai-kodex","status":"publish","type":"page","link":"http:\/\/csepelfc.hu\/index.php\/etikai-kodex\/","title":{"rendered":"Etikai K\u00f3dex"},"content":{"rendered":"<h3>Csepel FC Ut\u00e1np\u00f3tl\u00e1s Etikai K\u00f3dex<\/h3>\n<p>Csakis a saj\u00e1t kedvem\u00e9rt j\u00e1tsszak, az\u00e9rt, hogy \u00f6r\u00f6m\u00f6t leljek a j\u00e1t\u00e9kban, ne pedig az\u00e9rt, hogy a sz\u00fcl\u0151k vagy az edz\u0151k kedv\u00e9ben j\u00e1rjak.<\/p>\n<p>1. A tr\u00e1g\u00e1r besz\u00e9det, k\u00e1romkod\u00e1st, k\u00f6pk\u00f6d\u00e9st labdar\u00fag\u00f3hoz m\u00e9ltatlan viselked\u00e9st mell\u0151z\u00f6m!<\/p>\n<p>2. \u00dcgyelek az \u00f6lt\u00f6z\u0151k \u00e9s a folyos\u00f3k rendj\u00e9re, vigy\u00e1zok a labd\u00e1kra, felszerel\u00e9sekre, \u00e9s az edz\u0151-, valamint m\u00e9rk\u0151z\u00e9sszerel\u00e9sekre, azokra \u00fagy tekintek, mintha a saj\u00e1tom lenne!<\/p>\n<p>3. Edz\u00e9sen nem foglalkozok m\u00e1ssal csak saj\u00e1t magammal \u00e9s edz\u0151im utas\u00edt\u00e1saival. Elfogadom edz\u0151im utas\u00edt\u00e1sait, k\u00e9r\u00e9seit, melyeket mindig tisztess\u00e9gesen pr\u00f3b\u00e1lok meg v\u00e9grehajtani.<\/p>\n<p>4. Az edz\u00e9sen mindig megpr\u00f3b\u00e1lom magamb\u00f3l a maximumot kihozni, amikor az edz\u0151m besz\u00e9l, megtisztelem azzal, hogy csendben figyelek r\u00e1, munk\u00e1j\u00e1t maxim\u00e1lisan seg\u00edtem.<\/p>\n<p>5. Amennyiben valamilyen okn\u00e1l fogva nem tudok r\u00e9szt venni az edz\u00e9sen, akkor azt id\u0151ben jelezem az edz\u0151m fel\u00e9. (ak\u00e1r szem\u00e9lyesen, telefon, E-mail vagy SMS form\u00e1j\u00e1ban)<\/p>\n<p>6. A m\u00e9rk\u0151z\u00e9seken a szab\u00e1lyok szerint \u00e9s fair-play szellem\u00e9ben j\u00e1tszom, elfogadom a j\u00e1t\u00e9kvezet\u0151k d\u00f6nt\u00e9seit, m\u00e9g ha azzal nem is mindig \u00e9rtek egyet. Nem foglalkozom az ellenf\u00e9llel, a j\u00e1t\u00e9kvezet\u0151vel a sz\u00fcl\u0151kkel. \u0150ket maxim\u00e1lisan tisztelem!<\/p>\n<p>7. Amennyiben valamilyen probl\u00e9m\u00e1m van, akkor azt egyenesen az edz\u0151knek mondom meg!<\/p>\n<p>8. Saj\u00e1t klubomr\u00f3l vagy j\u00f3t, vagy ink\u00e1bb semmit sem mondok!<\/p>\n<p>9. A Csepel FC ir\u00e1nti tiszteletet abban is kifejezem, hogy a p\u00e1ly\u00e1n k\u00edv\u00fcl is p\u00e9ldamutat\u00f3an viselkedem.<\/p>\n<p>HAJR\u00c1 CSEPEL FC!<\/p>\n","protected":false},"excerpt":{"rendered":"<div class=\"mh-excerpt\"><p>Csepel FC Ut\u00e1np\u00f3tl\u00e1s Etikai K\u00f3dex Csakis a saj\u00e1t kedvem\u00e9rt j\u00e1tsszak, az\u00e9rt, hogy \u00f6r\u00f6m\u00f6t leljek a j\u00e1t\u00e9kban, ne pedig az\u00e9rt, hogy a sz\u00fcl\u0151k vagy az edz\u0151k kedv\u00e9ben j\u00e1rjak. 1. A tr\u00e1g\u00e1r <a class=\"mh-excerpt-more\" href=\"http:\/\/csepelfc.hu\/index.php\/etikai-kodex\/\" title=\"Etikai K\u00f3dex\">[tov\u00e1bb&#8230;]<\/a><\/p>\n<\/div>","protected":false},"author":1,"featured_media":0,"parent":0,"menu_order":0,"comment_status":"closed","ping_status":"closed","template":"","meta":[],"jetpack_sharing_enabled":true,"jetpack_shortlink":"https:\/\/wp.me\/P83FEU-3E","_links":{"self":[{"href":"http:\/\/csepelfc.hu\/index.php\/wp-json\/wp\/v2\/pages\/226"}],"collection":[{"href":"http:\/\/csepelfc.hu\/index.php\/wp-json\/wp\/v2\/pages"}],"about":[{"href":"http:\/\/csepelfc.hu\/index.php\/wp-json\/wp\/v2\/types\/page"}],"author":[{"embeddable":true,"href":"http:\/\/csepelfc.hu\/index.php\/wp-json\/wp\/v2\/users\/1"}],"replies":[{"embeddable":true,"href":"http:\/\/csepelfc.hu\/index.php\/wp-json\/wp\/v2\/comments?post=226"}],"version-history":[{"count":1,"href":"http:\/\/csepelfc.hu\/index.php\/wp-json\/wp\/v2\/pages\/226\/revisions"}],"predecessor-version":[{"id":228,"href":"http:\/\/csepelfc.hu\/index.php\/wp-json\/wp\/v2\/pages\/226\/revisions\/228"}],"wp:attachment":[{"href":"http:\/\/csepelfc.hu\/index.php\/wp-json\/wp\/v2\/media?parent=226"}],"curies":[{"name":"wp","href":"https:\/\/api.w.org\/{rel}","templated":true}]}}

Etikai Kódex

<h3>Csepel FC Utánpótlás Etikai Kódex</h3>
<p>Csakis a saját kedvemért játsszak, azért, hogy örömöt leljek a játékban, ne pedig azért, hogy a szülők vagy az edzők kedvében járjak.</p>
<p>1. A trágár beszédet, káromkodást, köpködést labdarúgóhoz méltatlan viselkedést mellőzöm!</p>
<p>2. Ügyelek az öltözők és a folyosók rendjére, vigyázok a labdákra, felszerelésekre, és az edző-, valamint mérkőzésszerelésekre, azokra úgy tekintek, mintha a sajátom lenne!</p>
<p>3. Edzésen nem foglalkozok mással csak saját magammal és edzőim utasításaival. Elfogadom edzőim utasításait, kéréseit, melyeket mindig tisztességesen próbálok meg végrehajtani.</p>
<p>4. Az edzésen mindig megpróbálom magamból a maximumot kihozni, amikor az edzőm beszél, megtisztelem azzal, hogy csendben figyelek rá, munkáját maximálisan segítem.</p>
<p>5. Amennyiben valamilyen oknál fogva nem tudok részt venni az edzésen, akkor azt időben jelezem az edzőm felé. (akár személyesen, telefon, E-mail vagy SMS formájában)</p>
<p>6. A mérkőzéseken a szabályok szerint és fair-play szellemében játszom, elfogadom a játékvezetők döntéseit, még ha azzal nem is mindig értek egyet. Nem foglalkozom az ellenféllel, a játékvezetővel a szülőkkel. Őket maximálisan tisztelem!</p>
<p>7. Amennyiben valamilyen problémám van, akkor azt egyenesen az edzőknek mondom meg!</p>
<p>8. Saját klubomról vagy jót, vagy inkább semmit sem mondok!</p>
<p>9. A Csepel FC iránti tiszteletet abban is kifejezem, hogy a pályán kívül is példamutatóan viselkedem.</p>
<p>HAJRÁ CSEPEL FC!</p>

<div class="mh-excerpt"><p>Csepel FC Utánpótlás Etikai Kódex Csakis a saját kedvemért játsszak, azért, hogy örömöt leljek a játékban, ne pedig azért, hogy a szülők vagy az edzők kedvében járjak. 1. A trágár <a class="mh-excerpt-more" href="http://csepelfc.hu/index.php/etikai-kodex/" title="Etikai Kódex">[tovább&#8230;]</a></p>
</div>
