{"id":103,"date":"2016-10-29T13:24:49","date_gmt":"2016-10-29T13:24:49","guid":{"rendered":"http:\/\/csepelfc.hu\/wp\/?page_id=103"},"modified":"2025-05-12T09:49:37","modified_gmt":"2025-05-12T08:49:37","slug":"tao","status":"publish","type":"page","link":"http:\/\/csepelfc.hu\/index.php\/tao\/","title":{"rendered":"Csepel FC TAO"},"content":{"rendered":"<p><strong>Csepel FC Kft.<\/strong><\/p>\n<p>2025-2026<\/p>\n<p><a href=\"https:\/\/drive.google.com\/file\/d\/109LJQBV6GphSNl_KxHtv5LZY9a1S4j-O\/view?usp=drive_link\" target=\"_blank\" rel=\"noopener\">Sporfejleszt\u00e9s &#8211; Hat\u00e1rozat<\/a><\/p>\n<p><a href=\"https:\/\/drive.google.com\/file\/d\/1-Mf-y_Ij4K2XekdONC3eKsIY5SOIQuD0\/view?usp=drive_link\" target=\"_blank\" rel=\"noopener\">Sportfejleszt\u00e9s &#8211; K\u00e9relem<\/a><\/p>\n<p>2024-2025<\/p>\n<p><a href=\"https:\/\/drive.google.com\/file\/d\/1AW3fveLZ3zjABCMLBoMA2ncdVwLU3r6c\/view?usp=sharing\" target=\"_blank\" rel=\"noopener\">Sportfejleszt\u00e9s &#8211; Hat\u00e1rozat<\/a><\/p>\n<p><a href=\"https:\/\/drive.google.com\/file\/d\/1vVGJ7C1DJiSqY-HaVSrW7hrSk5jJMUgC\/view?usp=sharing\" target=\"_blank\" rel=\"noopener\">Sportfejleszt\u00e9s &#8211; K\u00e9relem<\/a><\/p>\n<p>2022-2023<\/p>\n<p><a href=\"http:\/\/csepelfc.hu\/wp-content\/uploads\/2022\/05\/2021-ingatlan.pdf\" target=\"_blank\" rel=\"noopener\">Ingatlanfel\u00faj\u00edt\u00e1s &#8211; Hat\u00e1rozat<\/a><\/p>\n<p><a href=\"http:\/\/csepelfc.hu\/wp-content\/uploads\/2022\/05\/2022-sportfejlesztesi-program.pdf\" target=\"_blank\" rel=\"noopener\">Sportfejleszt\u00e9s &#8211; Hat\u00e1rozat<\/a><\/p>\n<p><a href=\"http:\/\/csepelfc.hu\/wp-content\/uploads\/2022\/05\/sfp_kerelem_54233_20220227_1645995495.pdf\" target=\"_blank\" rel=\"noopener\">Sportfejleszt\u00e9s &#8211; K\u00e9relem<\/a><\/p>\n<p>2021-2022<\/p>\n<p><a href=\"http:\/\/csepelfc.hu\/wp-content\/uploads\/2022\/05\/sfp_kerelem_51036_20211122_1637590770.pdf\" target=\"_blank\" rel=\"noopener\">Ingatlanfel\u00faj\u00edt\u00e1s &#8211; K\u00e9relem<\/a><\/p>\n<p><a href=\"http:\/\/csepelfc.hu\/wp-content\/uploads\/2021\/05\/csfctao2021.pdf\" target=\"_blank\" rel=\"noopener\">K\u00e9relem \u00e9s hat\u00e1rozat<\/a><\/p>\n<p>2020-2021<\/p>\n<p><a href=\"http:\/\/csepelfc.hu\/wp-content\/uploads\/2020\/12\/sfp_jh_000_43036_2020_mlsz_2020-07-29_1596005926_1596184520-1-merged.pdf\" target=\"_blank\" rel=\"noopener noreferrer\">K\u00e9relem \u00e9s hat\u00e1rozat<\/a><\/p>\n<p>2019-2020<\/p>\n<p><a href=\"http:\/\/csepelfc.hu\/wp-content\/uploads\/2019\/12\/sfp_kerelem_30233_20190904_1567599940.pdf\" target=\"_blank\" rel=\"noopener noreferrer\">K\u00e9relem<\/a><\/p>\n<p><a href=\"http:\/\/csepelfc.hu\/wp-content\/uploads\/2019\/12\/sfpjovahagyohatarozat_1567774512.pdf\" target=\"_blank\" rel=\"noopener noreferrer\">Hat\u00e1rozat<\/a><\/p>\n<p>2018-2019<\/p>\n<p><a href=\"http:\/\/csepelfc.hu\/wp-content\/uploads\/2018\/12\/csepelfc_tao_dokumentumok_-2018.pdf\" target=\"_blank\" rel=\"noopener noreferrer\">Dokumentumok<\/a><\/p>\n<p>2017-2018<\/p>\n<p><a href=\"http:\/\/csepelfc.hu\/wp-content\/uploads\/2017\/11\/sfp_kerelem_17233_20171026_1509007784.pdf\" target=\"_blank\" rel=\"noopener noreferrer\">K\u00e9relem<\/a><\/p>\n<p><a href=\"http:\/\/csepelfc.hu\/wp-content\/uploads\/2017\/11\/sfpjovahagyohatarozat_1509083432.pdf\" target=\"_blank\" rel=\"noopener noreferrer\">Hat\u00e1rozat<\/a><\/p>\n<p>2016-2017<\/p>\n<p><a href=\"http:\/\/csepelfc.hu\/wp-content\/uploads\/2016\/12\/k\u00e9relem-2016.pdf\">K\u00e9relem<\/a><\/p>\n<p><a href=\"http:\/\/csepelfc.hu\/wp-content\/uploads\/2016\/12\/hat\u00e1rozat-2016.pdf\">Hat\u00e1rozat<\/a><\/p>\n<p>2015-2016<\/p>\n<p><a href=\"http:\/\/csepelfc.gportal.hu\/portal\/csepelfc\/upload\/606275_1450341931_09716.pdf\" target=\"_blank\" rel=\"noopener noreferrer\"><u>TAO dokumentumok<\/u><\/a><\/p>\n<p>2014-2015<\/p>\n<p><a href=\"http:\/\/csepelfc.gportal.hu\/portal\/csepelfc\/upload\/606275_1416920545_01126.pdf\"><u>K\u00e9relem<\/u><\/a><\/p>\n<p><u><a href=\"http:\/\/csepelfc.gportal.hu\/portal\/csepelfc\/upload\/606275_1416850616_07326.pdf\">Hat\u00e1rozat<\/a><\/u><\/p>\n","protected":false},"excerpt":{"rendered":"<div class=\"mh-excerpt\"><p>Csepel FC Kft. 2025-2026 Sporfejleszt\u00e9s &#8211; Hat\u00e1rozat Sportfejleszt\u00e9s &#8211; K\u00e9relem 2024-2025 Sportfejleszt\u00e9s &#8211; Hat\u00e1rozat Sportfejleszt\u00e9s &#8211; K\u00e9relem 2022-2023 Ingatlanfel\u00faj\u00edt\u00e1s &#8211; Hat\u00e1rozat Sportfejleszt\u00e9s &#8211; Hat\u00e1rozat Sportfejleszt\u00e9s &#8211; K\u00e9relem 2021-2022 Ingatlanfel\u00faj\u00edt\u00e1s &#8211; <a class=\"mh-excerpt-more\" href=\"http:\/\/csepelfc.hu\/index.php\/tao\/\" title=\"Csepel FC TAO\">[tov\u00e1bb&#8230;]<\/a><\/p>\n<\/div>","protected":false},"author":1,"featured_media":0,"parent":0,"menu_order":0,"comment_status":"closed","ping_status":"closed","template":"","meta":[],"jetpack_sharing_enabled":true,"jetpack_shortlink":"https:\/\/wp.me\/P83FEU-1F","_links":{"self":[{"href":"http:\/\/csepelfc.hu\/index.php\/wp-json\/wp\/v2\/pages\/103"}],"collection":[{"href":"http:\/\/csepelfc.hu\/index.php\/wp-json\/wp\/v2\/pages"}],"about":[{"href":"http:\/\/csepelfc.hu\/index.php\/wp-json\/wp\/v2\/types\/page"}],"author":[{"embeddable":true,"href":"http:\/\/csepelfc.hu\/index.php\/wp-json\/wp\/v2\/users\/1"}],"replies":[{"embeddable":true,"href":"http:\/\/csepelfc.hu\/index.php\/wp-json\/wp\/v2\/comments?post=103"}],"version-history":[{"count":31,"href":"http:\/\/csepelfc.hu\/index.php\/wp-json\/wp\/v2\/pages\/103\/revisions"}],"predecessor-version":[{"id":7852,"href":"http:\/\/csepelfc.hu\/index.php\/wp-json\/wp\/v2\/pages\/103\/revisions\/7852"}],"wp:attachment":[{"href":"http:\/\/csepelfc.hu\/index.php\/wp-json\/wp\/v2\/media?parent=103"}],"curies":[{"name":"wp","href":"https:\/\/api.w.org\/{rel}","templated":true}]}}